 + 7. Let s be n(r). Let c(y) = -23*y**3 + 7*y**2 - y - 8. Is c(s) prime?
False
Suppose 2*c + 5*n = 124944 + 7508, -6*c - 5*n = -397336. Is c composite?
False
Let b be 2/(-5)*(-8 + 3 - -10). Let j(d) = -824*d**3 - 5*d - 5. Let m be j(b). Let y = m + -3764. Is y a prime number?
True
Let l(u) = 3757*u + 4413. Is l(56) a prime number?
False
Suppose 5*t - 3*f - 165 = 0, -t + 7 = 2*f - 13. Is ((-45)/t)/(-1 + (-2579)/(-2582)) composite?
False
Suppose n + 44 - 13 = 5*k, -3*k = 2*n - 16. Let v(j) = 28 + j + j**2 + k*j - 3. Is v(-10) prime?
False
Let z = 8821 + -6060. Is z a prime number?
False
Let s(r) = 381*r**2 + 20*r + 64. Is s(-3) composite?
False
Let x(z) = -z**3 - 12*z**2 + 14*z + 16. Let i be x(-13). Suppose 0 = i*d - 12. Suppose -4*w - 5*l = -3084, -2*l + 0*l = -d*w + 3084. Is w a prime number?
False
Is -49 - -33 - (-2072322)/3 a prime number?
False
Let o = 296231 - -28022. Is o a prime number?
False
Suppose -599647 = -3*n + 5*l, -2*n - 4*l = -114230 - 285564. Is n composite?
False
Suppose -1599596 - 176790 = -38*t. Is t a composite number?
False
Suppose -6*r + 131 - 209 = 0. Is -122646*(-4)/104 - (-2)/r composite?
True
Suppose -6*x = 4*y - 8*x + 10818, -4*x = 5*y + 13555. Let a = -1910 - y. Is a a prime number?
True
Let h = 1278723 - 802090. Is h prime?
True
Suppose 28*r - 4*r = -2503224. Is (2 - 12/9)*r/(-18) composite?
False
Suppose 2*w - u = 3*u + 584, 4*w = -u + 1195. Let r = -497 + w. Let a = 122 - r. Is a a prime number?
False
Let v(s) = 68*s - 56. Suppose -7*m + 19 = -100. Let y be v(m). Suppose 1103 + y = d. Is d a prime number?
True
Let u(v) = -v**3 + 2*v**2 + 3*v - 3. Let k be u(-3). Suppose k*f - 43131 = 22*f. Is f prime?
False
Let j = 151 + -67. Suppose -89*c + 3995 = -j*c. Is c composite?
True
Let s = 49 - 44. Is 4786*(-3)/s*(-25)/30 a composite number?
False
Let n = -89 - -87. Let s be (-184)/30 + n/(-15). Let t(z) = 101*z**2 + 30*z + 1. Is t(s) prime?
True
Let t(g) = -2*g - 7. Let o be t(-6). Suppose 5*d = 3*h - 458, 14*d - 15*d + 580 = 4*h. Suppose h = o*b - 489. Is b prime?
True
Let g(w) = -4*w**3 - 23*w**2 + 39*w + 87. Let z be g(-18). Let d = 28552 - z. Is d composite?
False
Let x(g) = g**3 - g**2 - 4*g + 4. Let l be x(3). Suppose -v + 33 = -l. Suppose v*f + 2762 = 45*f. Is f composite?
False
Let x = 2650 + -1866. Suppose 706 = 5*v - x. Is v prime?
False
Let z = -14105 - -6938. Is (z/12)/(10/(-40)) prime?
True
Let o = -14 - -19. Suppose -36 = -3*h - o*z, 0 = h - 3*h - z + 31. Let y(v) = v**3 - 14*v**2 - 14*v. Is y(h) a prime number?
False
Suppose 5*f + 4503 = 4*b, 0*f = f - 3*b + 894. Let i = f + 431. Let n = 849 + i. Is n a prime number?
False
Let c = -47921 - -84414. Is c a composite number?
False
Let a(i) = -i + 36*i + 39*i - 19 + 58 - 10*i. Is a(13) prime?
False
Let k(h) be the first derivative of -2*h - 1 - 239/2*h**2. Is k(-9) composite?
True
Let a be (-3 + 28/6)/(3/5121). Let o = -70 - -72. Suppose 0 = 3*j - 2*j + o*h - a, 3*j - h - 8535 = 0. Is j prime?
False
Let g = -2520 - -2611. Is g a composite number?
True
Suppose -54 = -3*p + 2*z - 1, 4*p - 67 = -z. Suppose -9515 = p*b - 28*b. Is b prime?
False
Suppose 47525 + 136395 = 2*k - 91526. Is k a prime number?
True
Is (-79983)/12*(-308)/231 a composite number?
False
Is (6 + 289/(-51))/(1*1/587973) a prime number?
True
Suppose x - 7*x + 6 = 0. Is (334 - 3)*1/x a composite number?
False
Let v = -77554 - -111271. Is v a prime number?
False
Suppose 3*q = 3*a - 3939, 60*q - 55*q + 1313 = a. Suppose 44652 = 19*r + a. Is r a prime number?
True
Let b be (-14 - 20/(-5)) + -133. Let m(r) = r + 4. Let a be m(7). Is 13/b - (-10132)/a composite?
True
Suppose 0 = -5*x + 2*z + 3*z + 130, 0 = -4*x + 5*z + 103. Suppose 0 = -6*m + 9*m - x. Is (-3)/((2/(-1082))/(3/m)) a prime number?
True
Let v = -279 + 282. Suppose -5*z + z + 27935 = 5*a, v*a - 16739 = 2*z. Is a composite?
True
Let m(o) = 11*o - 3. Let s be m(10). Suppose -s = -d + 823. Suppose 6*p - 12*p = -d. Is p prime?
False
Let f = 69029 - 39082. Is f a prime number?
True
Suppose -175*t - 1248760 = -215*t. Is t a prime number?
True
Suppose -4*m = -5*a - 2272450, -52*m + 50*m + 1136222 = -2*a. Is m a composite number?
True
Let c(v) = 567*v**2 + 7*v - 3. Let n be (-4)/22 + (-168)/44. Is c(n) a composite number?
False
Let y(a) = 3728*a + 115. Is y(38) prime?
False
Let a be 6/((1/3)/(2 - 1)). Let c(s) = -6*s**2 + 23*s - 12. Let u be c(a). Let m = -575 - u. Is m a prime number?
True
Let o = 984060 + -637157. Is o a prime number?
True
Suppose 0 = -2*x - 10, -3*k - k = 3*x + 15. Suppose k = -o - 5*n + 78 + 43, -135 = -o + 2*n. Suppose -g = -2*g + o. Is g a prime number?
True
Let h(a) = -6*a**3 + a**2 + 15*a + 13. Suppose -3*l - 5*m = -7, -l - 2*m - 21 = -5*m. Is h(l) composite?
True
Let r(c) = 87*c - 288. Is r(11) a composite number?
True
Suppose 19*s = 23*s + 12. Is (-2719)/s - (-2)/3 a prime number?
True
Let c(m) = 52060*m + 4571. Is c(8) a composite number?
True
Let k(s) = 3*s**3 + s**2 - 7*s - 7. Let d be k(-3). Is d/203 - (-1535)/7 prime?
False
Let y(d) = -13499*d + 15. Let k be y(-1). Let t = 27427 - k. Is t composite?
False
Let h(u) = 6028*u**2 - 2*u + 1. Let m be h(-2). Suppose 0*b + 2*f + 6031 = b, 4*b - m = f. Is b a composite number?
False
Suppose -2*v = -20*x + 17*x - 259156, x - 2 = 0. Is v prime?
True
Suppose 3 = -4*d + 5*k, 3*d + 5 + 1 = 5*k. Suppose 0 = d*w + 22*w - 105025. Is w prime?
True
Let i(u) be the second derivative of 7*u**4/6 + u**3/3 + 7*u**2/2 - 47*u + 2. Is i(3) composite?
False
Is -1 + (2 - 10) - (-14517 + -19 + 34) prime?
False
Let b = -79327 + 176280. Is b a prime number?
True
Let w = 32438 - 15121. Is w a prime number?
True
Suppose -9*s - 8*s = -37*s + 2984340. Is s a prime number?
False
Suppose 0 = -12*w + 11*w + 2. Suppose -3*n = -0*n + c + 4, 8 = -4*n - w*c. Suppose n = -5*b + 4*m + 8265, -2*b + 5*m = 925 - 4214. Is b a composite number?
False
Is 1/(-1) + 215256 + (14 - 140/7) composite?
False
Suppose 17*y + 23 + 113 = 0. Is -2*20/y - (-35574)/3 prime?
True
Let i be 7/2 - 4/8. Let o(g) = 18*g**3 - 1 - g**2 - i*g + 3*g**2 - g + 3*g. Is o(2) a composite number?
False
Suppose -71*s + 9042841 - 255384 = 0. Is s a prime number?
False
Suppose 17*l = -9208 - 53964. Let h = l + 5475. Is h a composite number?
False
Let n be 80/(-16) - 5*-10. Is 6137 - (4/9 - 110/n) composite?
True
Let g(p) be the first derivative of 19*p**4/6 - 5*p**3/2 + 25*p**2/2 - 16. Let r(j) be the second derivative of g(j). Is r(7) prime?
False
Suppose 18*n = -5*u + 14*n + 31176, 31152 = 5*u - 2*n. Let q = -761 + u. Is q a composite number?
False
Let c be ((-8)/6)/((-10)/(-16140)). Let k = 4253 + c. Is k a composite number?
True
Let i(l) = 854*l**2 - 24*l + 593. Is i(-38) composite?
True
Let p be ((3 + -2)*0*1)/2. Suppose 5*k - s - 1529 = p, -k - 2*s - 313 = -2*k. Is k a prime number?
False
Suppose -24*p + 314347 = -1778813. Is p prime?
False
Let h be ((-3)/5)/(29/435). Let i be (h - (1 - 6))*2111/4. Let w = -1342 - i. Is w a prime number?
True
Suppose 63*a = 59*a + 21176. Is a/(7/(-14) - 18/(-20)) a prime number?
False
Let t = -31 - -35. Suppose -15 = -t*p - 4*l + 13, 5*l = 5. Suppose 3*h - p*h = -3009. Is h a composite number?
True
Suppose 2*v = -4*w + 34777 - 7687, -54160 = -4*v + 2*w. Is v a prime number?
False
Suppose -8*j = -5*j - 16017. Suppose -2*t = 5*f + j - 13686, -4*f + 6677 = t. Is f a composite number?
False
Let m be 1230/164*(-5)/((-25)/(-172)). Suppose 4889 - 987 = 2*k. Let r = m + k. Is r a composite number?
False
Let w(g) = g**2 + 5*g - 15. Let r be w(-8). Suppose -3*p = -27 + r. Is (3/(-9) - 22/p) + 1697 prime?
True
Let o = 329 - 326. Suppose 4*c = -5*h + 8360, -2107 = 3*c - 4*c + o*h. Is c a composite number?
True
Let y = 780 + -771. Let w(d) = 3*d**2 - 9*d + 7. Let j(p) = -4*p**2 + 14*p - 10. Let u(r) = 5*j(r) + 7*w(r). Is u(y) a prime number?
False
Suppose -4*u + 153 = -119. Suppose -c - 2*x + 65 = -5*x, -c + 4*x + u = 0. Suppose 0 = -s - c + 241. Is s a prime number?
False
Let c = 150666 - 86603. Is c composite?
False
Let g(h) be the second derivative of 0 + 37*h - 329/6*h**3 - 4*h**2. Is g(-5) composite?
False
Suppose 3*i + 11 = g, i + 3 = -2. Let c(t) be the first derivative of -73*t**2/2 + 17*t - 1. Is c(g) composite?
True
Let k(d) = 21151*d**2 - 163*d + 7. Is k(3) a composite number?
False
Let b(v) = 13*v**